*z - 4*p. Suppose 0 = -z*o + 3223 - 953. What is the hundreds digit of o?
4
Suppose -j + 372 = -4*g, 3*g - 93 = 4*g + 3*j. Let p = -90 - g. Suppose -p*c + 339 = 2*o, -4*c + 174 = o - c. What is the hundreds digit of o?
1
Suppose -8 + 20 = 3*b. What is the tens digit of 131*1/(b/12)?
9
Suppose -4*h + 50 = h. Suppose h*j - 12 = 13*j. What is the units digit of 698/8 + 1/j?
7
Let g = -4395 - -7055. Suppose 0 = -151*h + 144*h + g. What is the hundreds digit of h?
3
Suppose -2*t - g = -4, -24 = -3*t + 7*g - 4*g. Suppose 0 = t*f + 5*y - 1005 - 1915, -5*y = -5*f + 3605. What is the units digit of f?
5
Suppose 0 = 49*d - 262765 - 202882. What is the hundreds digit of d?
5
Let w be (-1 + 0)/((-2)/6) - -198. Suppose 3*p - 267 = w. Let k = p + -58. What is the tens digit of k?
9
Suppose -3*i = 5*c - 2878, 2586 + 1228 = 4*i + 2*c. What is the tens digit of i?
5
What is the units digit of (19/8*-6)/((-90)/54840)?
3
Let k(j) = j - 11. Let p be (-1)/((6/2)/(-9)). Let m be k(p). Let o(a) = -a**2 - 11*a - 9. What is the tens digit of o(m)?
1
Let t(n) = 4247*n + 1. Let x be t(-1). Let f = x + 2489. What is the units digit of f/(-35) - 4/(-5)?
1
Let d(c) = 19*c - 111. Let y be d(6). Suppose 21*r - 16*r = -y*n + 323, -560 = -5*n - 4*r. What is the tens digit of n?
1
What is the thousands digit of 8/(-18) + (-18809870)/(-558)?
3
Suppose -4*k = -0*k + 5*f + 86, 0 = 3*k + 2*f + 61. Let g(u) = 2 - 9*u - 22 - 1. What is the hundreds digit of g(k)?
1
Let i(f) be the first derivative of 25*f**3/3 - 4*f**2 - 33*f + 45. What is the hundreds digit of i(-4)?
3
Let q(p) = 5*p + 229. Let u be q(-46). Let i(z) = 1043*z**2 - z. What is the tens digit of i(u)?
4
Suppose b = p - 1670, 2*b - 1048 + 6059 = 3*p. Suppose 2*i - p = 8*h - 13*h, 3*h = -2*i + 1677. What is the tens digit of i?
4
Let p = 114 - 7. Let y(v) = 88*v + 20. Let h be y(2). Let k = h - p. What is the units digit of k?
9
Let d = 7011 + 9760. What is the tens digit of d?
7
Suppose 21*g - 1425 = 2*g. Suppose -2*n + 2*j = -78, -3*n - g = -5*n + j. What is the units digit of n?
6
Let y(a) = a**3 - a**2 - 3*a + 40. Let r be (-2)/(-7) - 84/(-49)*1. Suppose r*b = 4*b - g + 2, 0 = 5*b - 2*g + 4. What is the tens digit of y(b)?
4
Let c be (-12)/(-21) + 405/63. Suppose -7 - 1 = -b - 2*j, c = -b + 3*j. Suppose b*x + 8 = 62. What is the units digit of x?
7
Suppose 7079459 - 2290517 = 93*m. What is the tens digit of m?
9
Suppose 0 = 4*f + 4*n - 2*n - 18070, -5*f + 3*n = -22615. Suppose 4*o - 4*h = f, 4*o - 3*h - 3667 = 853. What is the hundreds digit of o?
1
Let b = -314 - -305. What is the units digit of (3/b + 1)*66480/32?
5
Suppose 2*g + 47 = -5*z + 8*z, 0 = -5*z + 5. What is the thousands digit of (-4)/g - 111128/(-88)?
1
Let c(y) = -y**3 + 55*y**2 + 4*y + 330. What is the hundreds digit of c(18)?
3
Let q(c) = 340*c**2 - 35*c + 85. What is the thousands digit of q(4)?
5
Let v(n) be the third derivative of -3*n**4/4 + 70*n**3/3 - n**2 - 13. What is the hundreds digit of v(-29)?
6
Let p = -4093 - -2910. What is the tens digit of -3 + p/(-5) - (-10)/25?
3
Suppose 84*k + 73*k = 3700648 - 277263. What is the hundreds digit of k?
8
Let a(i) = 4*i**2 + 20*i - 10 + 7*i - 2*i**3 - 27*i. What is the hundreds digit of a(-7)?
8
What is the ten thousands digit of (-1147590)/(-82) + 8*1?
1
Let b = -405 + 408. Suppose 16 = 4*v, -5*u + b*v + 78 = -2*u. What is the tens digit of u?
3
Let p = 22262 - -9637. What is the hundreds digit of p?
8
Let m = -10045 - -22145. Suppose -m = -6*d - 16*d. What is the tens digit of d?
5
Let w = -41634 + 47125. What is the thousands digit of w?
5
Suppose 5*w = -2*u + 17, 26 = 2*w + 4*u - 8*u. What is the tens digit of (867/w)/(15/75)?
6
Let u = -90921 - -151684. What is the ten thousands digit of u?
6
Suppose -3*m = 6*m + 9. Let k(x) = 456*x**2 - 8*x - 2. What is the tens digit of k(m)?
6
Let c = 9588 + -2599. What is the units digit of c?
9
Let p = 202 - 195. What is the units digit of ((-2618)/p + -8)*-2?
4
Let a = 83 + -85. What is the tens digit of (-60)/(2 + a/((-80)/(-86)))?
0
Let k be ((-87)/58)/(6/5960). Let x = 2655 + k. What is the hundreds digit of x?
1
Suppose 5*z - 1277 = -1267, 0 = 4*k - 2*z - 40916. What is the ten thousands digit of k?
1
Let g be (2/3)/((-68)/(-66) - 1). Let p be (3 - g/(-6))*-3. What is the units digit of (-12)/(-9)*165/(p/(-4))?
4
What is the units digit of -28*(-7 - 73749/52)?
7
Let o(t) be the third derivative of -t**5/15 - t**4/8 + 5*t**3/3 - 12*t**2. Let y be o(-5). Let p = y - -180. What is the units digit of p?
5
Suppose -4045 = -7*w + 8821. Suppose -701 = 3*x - w. What is the units digit of x?
9
Suppose -5*k - 10 = 0, -7*k + 8*k + 26 = -2*x. What is the tens digit of -1 + (-14)/x - 9922/(-12)?
2
What is the tens digit of 6395 + ((-42)/(-49))/(-6 - (-435)/70)?
9
Suppose 5*u - 480 = 170. Suppose 3309 = 11*f + u. What is the units digit of f?
9
Suppose -4*h = -44 - 36. Let b(w) = -w + 14. Let r be b(h). Let v(l) = -4*l + 8. What is the units digit of v(r)?
2
Let z = 209 - 206. Let d(k) = 80*k**2 - 4*k + 2. What is the units digit of d(z)?
0
Suppose -15*t + t - 13568 + 110364 = 0. What is the thousands digit of t?
6
Suppose -2305 = -r + 4*g + 1504, 19001 = 5*r + 2*g. What is the units digit of r?
1
Suppose 0 = 3*q - 5*p - 18405, -105*q - 4*p + 18351 = -102*q. What is the units digit of q?
5
Let l(f) = -11*f - 3. Let t(s) = -s**2 + 23*s + 7. Let z(g) = -7*l(g) - 3*t(g). Let o be z(-6). Suppose -k - k = -o. What is the tens digit of k?
3
Let x(t) = 58*t**3 + 8 - 7*t**2 - 3*t + 3*t**2 - 57*t**3. Let n be x(4). Let w(k) = -29*k - 5. What is the hundreds digit of w(n)?
1
Let c(r) = r**3 + 7*r**2 - 7*r + 18. Let o be c(-8). Suppose -7*y - 12 = -o*y. Suppose q + 4*s - 31 = 0, y*q + s + 51 = 5*q. What is the tens digit of q?
4
Let r = 2036 - 1436. Suppose m - r = i - 200, 1599 = 4*m - 5*i. What is the tens digit of m?
0
Let r = -4012 + 2769. Let m = r - -2514. What is the thousands digit of m?
1
Let k be (12/8)/(3/8) + 2. What is the hundreds digit of 181 + (2 + k + -4 - 6)?
1
Let a(t) = t**3 + t + 175. Let c be a(0). Let h be ((96/(-2))/3)/(4/22). Let b = h + c. What is the tens digit of b?
8
Suppose 4*x = d + 4, -2 = -0*x - 2*x. Suppose -z + 15 = t - 253, d = 4*t. What is the units digit of z?
8
Let q(t) = 49*t**2 + 17*t - 392. What is the units digit of q(17)?
8
Suppose 0 = v + 4*n - 1948, -5*n - 6 = -2*n. Let k = v + -1391. What is the units digit of k?
5
Suppose 5*m - 4*q + 331 = 0, -m + 6*q - 59 = 7*q. Let d be 42/m + 1258/6. Suppose h + 44 = d. What is the hundreds digit of h?
1
Suppose -15*p + 15 = -15. Suppose -7*c - 253 = -d - p*c, -4*d + 958 = -2*c. What is the tens digit of d?
3
Let q = -2 + 1. Let s(g) = 1302*g**2 + 21*g + 63. Let i(x) = -129*x**2 - 2*x - 6. Let y(c) = -21*i(c) - 2*s(c). What is the tens digit of y(q)?
0
Let d(u) = 300*u**3 - 2*u**2 + 1. Let b be d(1). Let p(i) = i**3 - 25*i**2 + 136*i - 1. Let j be p(17). What is the hundreds digit of j + -2 + b + 3?
2
Let u = 655 + 1120. What is the hundreds digit of u?
7
What is the ten thousands digit of 14/42 + 2*(-1)/6 + 52895?
5
Suppose -4*p - 4*z = -2*z - 66, 75 = 5*p - 5*z. What is the units digit of 713 + -6*p/(-24)?
7
Let p(t) be the first derivative of 49*t**2/2 - t - 242. What is the units digit of p(14)?
5
Suppose 4*i = 4*x + 16, 0 = 5*i - 0*i + x - 26. Suppose 4*f + 137 = 4*b + 1, i*f - 3*b = -160. Let y = f - -85. What is the tens digit of y?
5
What is the tens digit of 17210 - 14*80/112?
0
What is the tens digit of ((-26424)/63)/(-2) - (-6)/21?
1
Let f be (-14)/(24/6 + (-276)/70). What is the units digit of (1 - -3)/((-10)/f)?
8
Suppose -45 = -52*m + 37*m. Let x(j) = 97*j**2 + 9*j - 14. What is the tens digit of x(m)?
8
Let j(m) = -3*m + 4. Let o be j(4). Let f(t) = -20*t + 59. Let a(c) = 19*c - 53. Let q(x) = -7*a(x) - 6*f(x). What is the hundreds digit of q(o)?
1
Let q(v) be the second derivative of -37*v**3/2 - 110*v**2 + 2*v + 15. What is the tens digit of q(-7)?
5
Let a(b) = -b**3 - 18*b**2 + 16*b + 5. Let u be a(-20). Suppose -17*c - 25 = u. Let f = c - -42. What is the units digit of f?
2
What is the ten thousands digit of (-1*(-7 + 1))/(-5 + 259544/51904)?
1
Suppose -15 = -10*l + 15, -2*l = 5*g - 23441. What is the hundreds digit of g?
6
Let m = -57 - -59. Let c be 574 + (-3 - -2)*m. 